 remainder when 402817 is divided by 37?
35
Calculate the remainder when 38932655 is divided by 149.
147
What is the remainder when 6445331 is divided by 2817?
35
What is the remainder when 3002068 is divided by 167?
76
What is the remainder when 6617158 is divided by 63?
16
What is the remainder when 35597 is divided by 900?
497
Calculate the remainder when 43690278 is divided by 558.
552
What is the remainder when 1067962 is divided by 1128?
874
Calculate the remainder when 239920 is divided by 7266.
142
What is the remainder when 3254127 is divided by 322?
317
Calculate the remainder when 112138 is divided by 112127.
11
What is the remainder when 3572900 is divided by 5?
0
What is the remainder when 1020925 is divided by 296?
21
What is the remainder when 3842944 is divided by 1921463?
18
What is the remainder when 4657796 is divided by 286?
0
What is the remainder when 3128206 is divided by 223440?
46
Calculate the remainder when 2316486 is divided by 228.
6
What is the remainder when 10788507 is divided by 1198720?
27
Calculate the remainder when 107310 is divided by 53008.
1294
What is the remainder when 70989 is divided by 116?
113
Calculate the remainder when 24207 is divided by 22897.
1310
What is the remainder when 14585723 is divided by 2534?
19
Calculate the remainder when 37172804 is divided by 479.
9
Calculate the remainder when 4685467 is divided by 52.
7
Calculate the remainder when 850540 is divided by 28351.
10
What is the remainder when 325081 is divided by 1796?
5
Calculate the remainder when 1158938542 is divided by 577.
576
Calculate the remainder when 119563 is divided by 122.
3
What is the remainder when 106369 is divided by 212?
157
Calculate the remainder when 1032760 is divided by 595.
435
What is the remainder when 6458945 is divided by 75104?
1
What is the remainder when 1638581 is divided by 719?
699
Calculate the remainder when 16666 is divided by 324.
142
What is the remainder when 99636043 is divided by 214?
211
What is the remainder when 60211284 is divided by 6021128?
4
What is the remainder when 38639804 is divided by 210?
14
Calculate the remainder when 11840320 is divided by 1187.
1182
What is the remainder when 63500 is divided by 301?
290
What is the remainder when 775190 is divided by 51619?
905
What is the remainder when 1038875 is divided by 519335?
205
Calculate the remainder when 11311970 is divided by 24068.
10
What is the remainder when 242941 is divided by 757?
701
Calculate the remainder when 98481 is divided by 8781.
1890
What is the remainder when 24509763 is divided by 2846?
11
Calculate the remainder when 317203058 is divided by 627.
623
What is the remainder when 288591 is divided by 2005?
1876
What is the remainder when 10689924 is divided by 2293?
2251
Calculate the remainder when 89422 is divided by 12770.
32
Calculate the remainder when 88934419 is divided by 703.
701
What is the remainder when 10048137 is divided by 913460?
77
Calculate the remainder when 112046 is divided by 55260.
1526
What is the remainder when 336988 is divided by 117?
28
Calculate the remainder when 13686708 is divided by 96.
84
Calculate the remainder when 2041112 is divided by 515.
167
What is the remainder when 11448536 is divided by 11448382?
154
What is the remainder when 496466 is divided by 99289?
21
What is the remainder when 156825 is divided by 78211?
403
What is the remainder when 121377 is divided by 60676?
25
Calculate the remainder when 2202859 is divided by 10.
9
Calculate the remainder when 117263 is divided by 58243.
777
What is the remainder when 1483801 is divided by 51?
7
What is the remainder when 72160442 is divided by 4510026?
26
What is the remainder when 76091153 is divided by 74?
61
What is the remainder when 2600183 is divided by 2975?
33
What is the remainder when 1124205 is divided by 940?
905
Calculate the remainder when 63089 is divided by 61971.
1118
Calculate the remainder when 8684 is divided by 1357.
542
Calculate the remainder when 660700 is divided by 81298.
10316
What is the remainder when 562023 is divided by 505?
463
What is the remainder when 26302 is divided by 24720?
1582
Calculate the remainder when 124091 is divided by 3116.
2567
What is the remainder when 277737 is divided by 92572?
21
What is the remainder when 207290839 is divided by 58?
57
Calculate the remainder when 164600 is divided by 352.
216
Calculate the remainder when 214799 is divided by 69414.
6557
What is the remainder when 72905919 is divided by 2208?
2175
What is the remainder when 255328 is divided by 15915?
688
Calculate the remainder when 133532572 is divided by 1888.
1884
What is the remainder when 2277960 is divided by 3213?
3156
What is the remainder when 237917256 is divided by 8015?
8011
Calculate the remainder when 23285944 is divided by 1225575.
19
What is the remainder when 57086013 is divided by 208?
205
What is the remainder when 191528701 is divided by 551?
550
What is the remainder when 1515966 is divided by 52?
10
Calculate the remainder when 2241173 is divided by 118.
117
Calculate the remainder when 6459 is divided by 2256.
1947
What is the remainder when 360276 is divided by 56?
28
What is the remainder when 45545340 is divided by 6102?
12
What is the remainder when 4760960 is divided by 123?
122
What is the remainder when 134705 is divided by 315?
200
Calculate the remainder when 5435262 is divided by 118.
64
What is the remainder when 448903 is divided by 2738?
2609
What is the remainder when 11532043 is divided by 589?
12
What is the remainder when 2791937 is divided by 72?
65
Calculate the remainder when 2437048 is divided by 110.
108
What is the remainder when 3745824 is divided by 1248601?
21
What is the remainder when 3268852 is divided by 451?
4
What is the remainder when 2973687 is divided by 185?
182
What is the remainder when 27979 is divided by 3339?
1267
Calculate the remainder when 573398 is divided by 1529.
23
What is the remainder when 3387748 is divided by 1624?
84
What is the remainder when 1099211 is divided by 18?
5
Calculate the remainder when 674191 is divided by 134818.
101
What is the remainder when 1224657 is divided by 2916?
2853
Calculate the remainder when 321327349 is divided by 640.
629
What is the remainder when 12748 is divided by 3427?
2467
What is the remainder when 1025236 is divided by 115?
11
Calculate the remainder when 1194026 is divided by 543.
512
Calculate the remainder when 62294 is divided by 31059.
176
Calculate the remainder when 6970296 is divided by 752.
8
What is the remainder when 256046 is divided by 255946?
100
Calculate the remainder when 726571 is divided by 121034.
367
What is the remainder when 7544 is divided by 3725?
94
What is the remainder when 214666 is divided by 7049?
3196
What is the remainder when 131472 is divided by 131419?
53
Calculate the remainder when 6583519 is divided by 187.
184
Calculate the remainder when 210802 is divided by 10142.
7962
What is the remainder when 179600 is divided by 2110?
250
Calculate the remainder when 1115142 is divided by 45.
42
Calculate the remainder when 3904304 is divided by 1264.
1072
What is the remainder when 14268996 is divided by 33?
27
Calculate the remainder when 276550 is divided by 5835.
2305
Calculate the remainder when 688086 is divided by 76450.
36
Calculate the remainder when 5076302 is divided by 123.
92
Calculate the remainder when 125341922 is divided by 1392688.
2
Calculate the remainder when 29931 is divided by 3280.
411
Calculate the remainder when 1018754 is divided by 33958.
14
Calculate the remainder when 94528 is divided by 25.
3
Calculate the remainder when 310802 is divided by 706.
162
What is the remainder when 23088569 is divided by 38?
35
Calculate the remainder when 519911 is divided by 129926.
207
Calculate the remainder when 629573 is divided by 209856.
5
Calculate the remainder when 12904777 is divided by 28238.
11
Calculate the remainder when 8423668 is divided by 1541.
562
What is the remainder when 609772 is divided by 4917?
64
What is the remainder when 547833 is divided by 3654?
3387
Calculate the remainder when 76676 is divided by 1095.
26
What is the remainder when 704107 is divided by 173?
170
Calculate the remainder when 496088262 is divi